4*h**2 + 4*h + 26. Calculate the remainder when m(-4) is divided by 24.
2
Suppose -4*f = -j + 47, -3*j + f + 189 = 5*f. What is the remainder when 529 is divided by j?
57
Let j(o) = -o**3 + 50*o**2 - 93*o - 123. What is the remainder when 617 is divided by j(48)?
8
Let d be 87/12 - ((-28)/16 - -1). Calculate the remainder when (4 - 30/d) + 270/8 is divided by 9.
7
Let x(v) = 2*v**2 + v. Let d be x(1). Suppose -5*u = -d*u - 26. What is the remainder when 38 is divided by u?
12
Suppose -2*n + n + 58 = 0. Calculate the remainder when n is divided by 3504/168 + -8 + 6/(-7).
10
Let w(g) be the third derivative of 0*g + 11/8*g**4 + 0 + 1/2*g**3 + 9*g**2. Calculate the remainder when w(2) is divided by 24.
21
Suppose 2*c = 13 - 3. Let s be c/((-5)/(-1))*5. Suppose 0 = -2*h + 3*h - s*n + 5, -3*h + n + 55 = 0. Calculate the remainder when 59 is divided by h.
19
Suppose 3*c = 8*c - 10. Suppose c = l, 2*y = -0*l + l + 78. Suppose -m = -5*f + y, -4*m = f - 8 - 0. What is the remainder when f is divided by 5?
3
Suppose -2*u - 353 = -2*a + 67, 5*u + 25 = 0. Suppose 0 = -0*i - 5*i + a. What is the remainder when i is divided by 15?
11
Suppose 0 = 7*j + 3 - 52. Calculate the remainder when 517 is divided by j.
6
Suppose 2*l - 17 = -5*o, 3*o + 6*l = 2*l - 1. Suppose -o*z + 4 = -1. What is the remainder when 113 is divided by (z/4)/((-3)/(-276))?
21
Let z = 25 + -14. Suppose 14*n = z*n + 234. Suppose 0*w - 2*w - 4*h = -36, 0 = 4*w - h - 63. Calculate the remainder when n is divided by w.
14
Let y be (-2382)/(-8) - 4/(-16). Suppose l = 5*m + 22, -5 = -l + 4*m + 22. What is the remainder when l is divided by y*(-2)/(-24) + 12/72?
22
Let k be ((-24)/10)/(-1 + 469/490). Let h = k - 45. Calculate the remainder when 12 is divided by h.
1
Suppose 0*u + 5*u - 130 = 0. Let d be 562/(-5) + 4/10. Let p = d - -119. What is the remainder when u is divided by p?
5
Suppose w + w = w. Let l(i) = -i**2 - i + 43. What is the remainder when l(w) is divided by 23?
20
Let w = -28 + 181. What is the remainder when w is divided by 78?
75
Suppose 48 = o - m, -4*o = m - 4 - 188. What is the remainder when 188 is divided by o?
44
What is the remainder when 17/68 - 1043/(-4) is divided by 53?
49
Suppose 5*o + 0*o = -5, 4*o = -3*y + 2. Suppose 47 = 4*k - y*z - 227, k + 4*z = 55. Let v(w) = w**2 - 3*w + 5. What is the remainder when k is divided by v(6)?
21
Let i = -3 - -54. Suppose -13*o - 162 = -22*o. What is the remainder when i is divided by o?
15
Let j = 84 + -74. Let q be 19 + (6 - 3)/(-3). Suppose q - 1 = i. What is the remainder when i is divided by j?
7
Let i(l) = 61 - 19 - 14 - 5*l - 22. Calculate the remainder when i(-7) is divided by 22.
19
Suppose -4500 = -34*c + 7536. What is the remainder when c is divided by 51?
48
Let m(o) = o**3 + 4*o**2 - 7*o + 71. Calculate the remainder when 1135 is divided by m(0).
70
Suppose 3*z + 2178 = -3*z. Calculate the remainder when 2/(-2) + 0 + 23 is divided by (1/2)/(-5 - z/72).
10
Suppose 0 = -u + 2*u - s - 14, -6 = -u - 3*s. Suppose 9 - 1 = j. Suppose f = -3*r + 37, 0 = -2*f + 3*r - j*r + 73. What is the remainder when f is divided by u?
10
Calculate the remainder when 1059 is divided by ((177/4)/(-3))/((-182)/728).
56
Suppose -139 = -2*z + 43. Calculate the remainder when z is divided by 19.
15
Suppose -16 = 2*k - 6*k. Suppose 4*j = 4*g - 3*g - 42, -k*g + j = -243. What is the remainder when g is divided by 16?
14
Let z(r) = -2*r**2 + 29*r - 9. Let h be z(14). Suppose 5*a + 4*j = 28, -5*j - 24 = -h*a + 31. What is the remainder when 13 is divided by a?
5
What is the remainder when 203 is divided by 7/(-6 - -34)*212?
44
Suppose 0 = -3*a + o - 36, -4*a - 2*o - 47 - 1 = 0. Let z(u) = -33*u - 2. Let k be z(2). What is the remainder when 67 is divided by k/a*3*1?
16
What is the remainder when 43 is divided by (27 - 23)*(-2)/4 - -6?
3
Let k = 4 + -2. Suppose -23 = 3*s - 0*i + k*i, -3*s + i = 20. Calculate the remainder when 85 is divided by -58*(7/2)/s.
27
Suppose 2*j - 32 = -m, 40 = 2*j + 2*m - 5*m. Let t = j - 1. Calculate the remainder when 141 is divided by t.
13
Calculate the remainder when 1468 is divided by 35/2*(-12)/(-21).
8
Let b be (-33 + 1)*1/(-2). Suppose -m - b = -39. What is the remainder when (134/(1/1))/2 is divided by m?
21
Suppose -2728 = -1769*p + 1738*p. What is the remainder when p is divided by ((-1)/2)/(1/(-14))?
4
Let a = -595 + 614. What is the remainder when 26 is divided by a?
7
Let s(h) = 12*h - 46. Calculate the remainder when (0 + (-9)/(-5))/(48/160) is divided by s(4).
0
Let i(v) = -v**3 + 22*v**2 - 19*v - 9. Let w(m) = 12*m + 11*m - 6 - 3. Calculate the remainder when w(6) is divided by i(21).
30
Suppose r + 5*d = -31, -5*r - 3*d - 40 - 49 = 0. Let i(p) = -2*p**2 - 31*p + 20. What is the remainder when 19 is divided by i(r)?
3
Suppose -5*p - l + 26 = 0, -3*p - p - 2*l + 22 = 0. Suppose p*n = 6*n - 4. Calculate the remainder when n is divided by (-2)/8 - (-13)/4.
1
Let p(g) = 3*g**2 + 45*g + 222. What is the remainder when 498 is divided by p(-5)?
66
What is the remainder when (-7)/(-63)*12*(-1116)/(-48) is divided by (4/(-1))/((-1)/4)?
15
Let y = 337 + -209. Suppose 146 - 614 = -36*z. Calculate the remainder when y is divided by z.
11
Suppose 5*f + 3*j - 68 = 0, -3*f = j - 2*j - 52. Let p(b) = 25*b - 706. What is the remainder when p(32) is divided by f?
14
Suppose 6*j = 5*u + 7*j - 51, 3*j = u - 23. Calculate the remainder when 16 is divided by u.
5
Suppose 5*q + u = 4*q + 94, 0 = q - 3*u - 94. What is the remainder when 468 is divided by q?
92
Suppose 704 = -3*x + 19*x. What is the remainder when 345 is divided by x?
37
Suppose -i + 325 = 4*i. Let c(b) = -b**2 - 5*b - 1. Let a be c(-2). Suppose -7*w + a*w + 44 = 0. Calculate the remainder when i is divided by w.
21
Let k = 193 + -130. Let r be (-20)/(-30)*(0 + 3) + 1. What is the remainder when k is divided by (11 - 8)*13/r?
11
Let a(z) = 3*z**3 - 3*z**2 - z - 6. Let g(v) = 14*v + 19. Let s(b) = 7*b + 10. Let u(o) = 4*g(o) - 7*s(o). Calculate the remainder when a(4) is divided by u(4).
32
Calculate the remainder when (11064/16)/((-76)/(-16) - 4) is divided by 66.
64
Let n be 6/15 - (-4586)/10. Suppose g = -4*a + 357, -a + n = 4*a - 3*g. Let y = 65 - 34. Calculate the remainder when a is divided by y.
28
Let t be 2/(-7) - (-9720)/(-35). Let w = 447 + t. Suppose -u + 2*f + 52 = 0, -5*u + 3*f = -w - 98. What is the remainder when u is divided by 14?
12
Let s(o) = o**2 - 8*o - 24. Let p be ((-2)/2*-29)/1. Suppose -p = -b + 3. What is the remainder when b is divided by s(-3)?
5
Let t = 6 - 1. Let c be (-6)/4*(0 - 10/3). Suppose 0*q = q + c, r - 44 = 5*q. Calculate the remainder when r is divided by t.
4
Suppose -9*a = 8*a - 68. Let h = 4 + -1. Suppose -h*x - 1 = -10. Calculate the remainder when a is divided by x.
1
Let m = -173 + 256. Calculate the remainder when m is divided by (-2)/8 - (-1311)/76.
15
Suppose 0 = -3*v - 4*f - 155, 0 = -5*v + 2*f - 54 - 239. Let y = v - -94. Calculate the remainder when y is divided by 8.
5
Suppose 5*f + 12*s - 16*s - 515 = 0, -s = -2*f + 206. Calculate the remainder when f is divided by 15.
13
Suppose -65*z + 62*z + 237 = 0. Suppose y - 4 = 12. Calculate the remainder when z is divided by y.
15
Let v = -67 - -69. Suppose 0*u + 20 = 4*u. Suppose -2*o - q + 51 = 0, 0*o + u*q + 45 = v*o. What is the remainder when 72 is divided by o?
22
Suppose 124 = -112*f + 114*f + 5*b, 3*f - 186 = b. What is the remainder when 117 is divided by f?
55
Suppose t = 4*k + 46, -t + 58 = -2*k + 10. What is the remainder when 96 is divided by t?
46
Let k = -225 + 241. What is the remainder when k is divided by 8?
0
Suppose -24*b + 14347 = -653. Calculate the remainder when b is divided by 42.
37
Let w(u) = 1167*u - 9319. What is the remainder when (1*15)/(1/3) is divided by w(8)?
11
Let r = 396 - 351. Calculate the remainder when r is divided by 7.
3
Suppose -4*p + 2*i + 2728 = 222, -2*p - i = -1243. What is the remainder when p is divided by 63?
57
Suppose 5*l - 2*a - 35 = a, -3*a - 14 = -2*l. Suppose 2*f + 42 = 4*f. What is the remainder when f is divided by l?
0
Let q be (-80)/(-42) + (-2)/(-21). Let s(k) = -k**3 + 6*k**2 + 9*k - 10. Let v be s(7). Calculate the remainder when 2 is divided by (-3 + v)/(q/4).
0
Let w = 128 + -259. Let k = w + 188.